s the tens digit of a/112 - (-2)/(-8)*1?
9
Let z(q) = -q**3 + 6*q**2 - 2*q + 9. Let c be z(6). What is the tens digit of (3/c)/(2/(-158))?
7
Let n be ((-12)/(-10))/(3/10). Let p be (3 - 3)*2/2. Suppose j - 3*j + n = p. What is the units digit of j?
2
What is the units digit of 869/2 - 2/(-4)?
5
Let b = 15 + -16. What is the units digit of 46 - (3 + 0 - b)?
2
Let v = 851 - 286. What is the tens digit of v?
6
Suppose -2*k - 132 = -18. Let l = 111 + k. What is the units digit of l?
4
Let c = -26 + 31. Suppose -26 = -2*u - c*m, -4*m - 80 = -3*u - u. What is the tens digit of u?
1
Let a be 30/25*15/(-2). Let i(m) = m**2 + 3*m + 14. What is the tens digit of i(a)?
6
Suppose -6*r + 5 = -r. Suppose -r = 3*z + 8. What is the units digit of -2 - (-20 - (1 + z))?
6
Suppose -4*w - 20 = 0, -3*p + w - 5*w - 38 = 0. What is the tens digit of 24*((-15)/p + -2)?
1
Suppose -108*y + 93*y = -8175. What is the units digit of y?
5
Let q(l) = -l**2 - 13*l - 2. Suppose p = -i - p, 0 = -5*i + 4*p - 28. What is the units digit of q(i)?
4
Suppose 3*t = 4*y + t + 16, 5*y - t = -20. What is the units digit of 33/(-4 + 1 - y)?
3
Suppose -s + 2*z + 57 - 11 = 0, -5*s - z + 175 = 0. Let h = 20 - s. Let u = h + 30. What is the tens digit of u?
1
Let q(z) = z**3 + 9*z**2 + 2*z. Let n be q(-8). Let b = -45 + n. What is the units digit of b?
3
Let r = 38 + -12. Let p = r - 21. Suppose -2*i + 16 = p*k, -2*k + 17 = -4*i + 1. What is the units digit of k?
4
Let a(h) = 4*h + 5 - 3*h + 0*h. Let u be a(-5). Suppose u = -3*d + 30 - 6. What is the units digit of d?
8
Let m(f) = 5*f**3 - f**2 + f - 1. Let t be m(2). Let q be 64/36 - (-6)/27. Suppose t = -q*l + 117. What is the tens digit of l?
4
Let w(b) = -17*b**3 + 1. Let t be w(-1). Suppose -42 = 3*i + t. What is the units digit of (3/(-2))/(6/i)?
5
Let o = 9 - 7. Let m be 282/(-12) - 1/o. What is the units digit of -6 - m - (0 - -1)?
7
Let f = -21 + 4. Let v be f/(-8) - 2/16. Suppose -v*b = -2*d - 66, -2*b + 0*d + 69 = d. What is the tens digit of b?
3
Suppose 14*h = 13496 + 4634. What is the hundreds digit of h?
2
Let d(k) = -2*k**3 - 9*k**2 - 70. What is the units digit of d(-11)?
3
Suppose -2*q + 1678 = -2*a, 0 = -3*q - 2*a + 2654 - 132. Suppose -2*k = 5*k - q. Suppose -5*t = -75 - k. What is the units digit of t?
9
What is the tens digit of 2/(392/(-262) - (-3)/2)?
2
Let v = -164 + 285. Suppose h - 3*h = 2*t - 74, 3*t - v = -h. What is the tens digit of t?
4
Suppose -6*r = 289 + 149. Let q be r/4 + (-1)/(-4). What is the units digit of (q/(-15))/(2/80)?
8
Suppose 2*v + 0*v = 1376. What is the hundreds digit of v?
6
Let v be (-3)/(-2)*-2*9. Let h be (-284)/(-18) - 6/v. What is the tens digit of (26/(-6))/(h/(-96))?
2
Let z be (-10)/(-15) - 14/(-6). Suppose z*o - 190 = 146. What is the tens digit of o?
1
Suppose 4 - 25 = -3*l. Let r(w) = -7*w + 8*w**2 - 7*w**2 + 7 + 2. What is the units digit of r(l)?
9
Let k(g) = g**3 + 9*g**2 + 8*g - 4. Let c be k(-7). Let i = -23 + c. Suppose i + 13 = 2*n. What is the units digit of n?
4
Let v = -123 - -124. What is the tens digit of 1/(v/(-279))*-1?
7
Let a(s) = 43*s**3 - 2*s + 1. Let r be a(1). Let n = 63 - r. Let p = n - 18. What is the units digit of p?
3
What is the hundreds digit of (555/10)/((-6)/(-84))?
7
Suppose 4*r - 142 = 102. Let n = 65 - r. What is the units digit of n?
4
Let s(l) = -26*l + 121. What is the tens digit of s(-9)?
5
Let c(p) = -46*p**3 - 3*p**2 - 37*p - 103. What is the units digit of c(-3)?
3
Let b(t) = -t + 8. Let q be b(-9). Suppose q = -4*i + 109. What is the tens digit of i?
2
Suppose -5*j + 5385 = -5*b, -2*j + 0*j + 2160 = -5*b. What is the units digit of j?
5
What is the tens digit of ((-2)/(2/1727))/(11/(-22))?
5
What is the tens digit of 61614/63 + (4 - 1 - 1)?
8
Let h(g) = 2*g**2 - 15*g + 14. Suppose 4*o + 11 = -3*v, -2*v + 3*o = 7*o + 2. Let u be 21/v*(5 + -8). What is the units digit of h(u)?
7
Suppose -u + h = -127, -u - 2*h = -h - 127. Suppose 3*b = 19 - 7. Suppose t - 4*v - 38 = 0, -t = b*t + v - u. What is the tens digit of t?
2
Let d(x) = x**2 + 11*x - 20. Let u be d(-13). Let t(l) = l**3 + 4*l + 2. What is the tens digit of t(u)?
4
Suppose f = -2*u + 169, 3*f + 248 = -3*u + 767. Let b = f + -106. What is the tens digit of b?
7
Suppose -3*s = 2*u - 2*s + 1, -5*u + 20 = -5*s. Let n be ((-105)/(-3) - u) + -2. Let x = n - 5. What is the units digit of x?
7
Let v be (-6 + (3 - 2))*1. Let a = 1 + v. What is the units digit of a/(2 - 48/22)?
2
Let b(h) = h**3 - 8*h**2 - 14*h - 4. Suppose 0*n + 2*x = 2*n - 22, 4*x + 34 = 3*n. What is the tens digit of b(n)?
5
Suppose 5*r = -k + 201 - 35, 0 = -3*k + 4*r + 593. Suppose 4*f - 153 = k. What is the tens digit of f?
8
Suppose -26*n + 4956 = -5*n. What is the hundreds digit of n?
2
Let a(l) = 7*l**2 - l**3 - 2*l**2 - 1 - 2 + l. Let q be a(5). Suppose m + 4*m + 36 = 3*d, -60 = -5*d - q*m. What is the tens digit of d?
1
Suppose -420 = 4*l - 5060. What is the hundreds digit of l?
1
Suppose 0 = 2*s - 4*r - 1330, -4*s + r + 2670 = 3*r. What is the units digit of s?
7
Let f(z) = 8*z + 4. Let d(m) = m**2 - 7*m - 3. Let k(r) = 2*d(r) + 3*f(r). What is the units digit of k(-6)?
8
Suppose 0 = -17*a + 4*a + 6032. What is the tens digit of a?
6
Let r be (4 + -5)*(-3)/1. Let v(c) = 2*c - 6. Let o be v(r). Suppose 3*a - 5*x - 134 = o, a = -0*a + 3*x + 38. What is the tens digit of a?
5
Let w(p) = 8*p**2 + 12*p + 5. What is the tens digit of w(-5)?
4
Suppose 0 = -2*l + 6, 12*t - 1653 = 7*t - l. What is the hundreds digit of t?
3
Let u(d) = 9*d - d**2 - 8*d - 2 + 2. Let w be u(-2). What is the units digit of (33 - 1) + w/(-2)?
5
Suppose d + d - 2*i = 998, 4*d - 2*i - 1994 = 0. What is the hundreds digit of d?
4
Let c = 194 - 99. What is the units digit of c?
5
Let s(v) = 21*v**2 + 2*v - 1. What is the units digit of s(4)?
3
Let u(o) = -2*o**2 + 2*o + 118. What is the units digit of u(0)?
8
Let x(z) = 4*z**2 - 4*z + 5. Let o be x(3). Let a = -27 + o. Suppose 98 = 4*l - a*l. What is the units digit of l?
9
Let u(r) = r**2 + 6*r + 9. Let x be u(-7). Suppose 0 = 3*w - 38 - x. What is the tens digit of w?
1
Let z = -4 + 9. Suppose w = -1 - 2, -2*w = -3*i + 21. Suppose -5*m - 27 = -2*f, -z = -5*f + i*m + 25. What is the units digit of f?
1
Let s(z) = 9*z - 7*z - 2*z + 9*z - 2. What is the tens digit of s(7)?
6
Let t be (-1)/(2*1/72). Let d be 2/5 + t/(-10). Suppose 5*m - 3*k - 146 = -7*k, -d*m + 2*k + 96 = 0. What is the tens digit of m?
2
Let p(h) be the first derivative of 5*h**4/2 + 2*h**3/3 + h**2 - h + 2. What is the tens digit of p(2)?
9
Let a = 635 - 451. Suppose a = -7*n + 674. What is the units digit of n?
0
Let w = -81 + 129. Let d = 69 - w. What is the tens digit of d?
2
Let y(r) = r**3 - 4*r**2 - 6*r + 3. Suppose 0 = 4*p - l - 17, p - 3*l - 2 = -2*l. Let n be y(p). Let d(q) = q + 3. What is the units digit of d(n)?
1
Let u(h) = -22*h + 1. Let a be u(-1). Suppose -5*b + 4*b = -a. Let o = 38 - b. What is the tens digit of o?
1
Let g = -843 - -1094. What is the hundreds digit of g?
2
Let w(r) = 3*r**3 - 3*r**2 + 3*r - 3. Let c(g) = 8*g**3 - 8*g**2 + 9*g - 10. Let f(a) = -4*c(a) + 11*w(a). What is the units digit of f(0)?
7
Let c(u) = 7*u + 1. Let n be c(2). Suppose -164 = 14*w - n*w. What is the hundreds digit of w?
1
Let x(l) = -l**3 + 11*l**2 - 4*l + 22. Let q be x(9). Suppose -22*u + 21*u + q = 0. What is the units digit of u?
8
Suppose 4*l + 11 = -4*b + 3, -2*b - 3*l = 6. Suppose 4*t = -5*h, b = -2*h + 5*h - 3*t. Suppose 6*u - u - 75 = h. What is the units digit of u?
5
Suppose -903 = -2*i - 195. Suppose 4*v + 126 = i. What is the units digit of v?
7
What is the units digit of 294/7*288/21?
6
Suppose 0 = -5*i + 2*s + 1919, -2*i + s = -924 + 157. What is the units digit of i?
5
Let w be (-6)/(-2) + -6 + 14. Suppose 13*y - w*y = 378. What is the units digit of y?
9
Suppose -40749 + 6338 = -13*m. What is the tens digit of m?
4
Let l = 545 - 111. What is the tens digit of l?
3
Let q = 1139 - 603. What is the units digit of q?
6
Let x = 9 + 3. Let y be 4/x + (-8)/(-3). What is the units digit of (150/6)/(y + -2)?
5
Let f be 183/15 - 2/10. Suppose 0 = -o - 5*r + 32, 3*o + 2*r - f = 19. Suppose -o*g + 20 = -2*g. What is the units digit of g?
4
Suppose -1487 = -3*t + 5*v, 0*t + t - 3*v = 501. What is the hundreds digit of t?
4
S